t is 110102010 - -1212?
110110222
In base 9, what is -715540 - 4?
-715544
In base 6, what is -23 + -324052?
-324115
In base 3, what is 202122021 - 0?
202122021
In base 7, what is -2 + 1352663?
1352661
In base 9, what is 0 - 254508?
-254508
In base 5, what is 43 + 11442444?
11443042
In base 3, what is 1201 + -10000?
-1022
In base 14, what is 3 + 2104?
2107
In base 6, what is 15223 + -120?
15103
In base 11, what is -2 - -1555?
1553
In base 15, what is 0 + -b392?
-b392
In base 7, what is 20230204 + 1?
20230205
In base 6, what is 3 - -503440?
503443
In base 10, what is 92908 + 1?
92909
In base 3, what is 102102121 + 1110?
102111001
In base 7, what is 4 - 646041?
-646034
In base 14, what is 48 + -19396?
-1934c
In base 15, what is 182e - 20?
180e
In base 11, what is 2 + -8280?
-8279
In base 11, what is 4 + 26983?
26987
In base 6, what is 1352 - -40?
1432
In base 16, what is -8 + -b8c00?
-b8c08
In base 7, what is 440636 - -4?
440643
In base 7, what is -423612 + 11?
-423601
In base 14, what is -6c68 + -2?
-6c6a
In base 13, what is -3a3 + a?
-396
In base 15, what is 1bb + -12?
1a9
In base 6, what is -4502 + 243?
-4215
In base 14, what is -115 + -236d?
-2484
In base 14, what is -6c2db1 + -2?
-6c2db3
In base 14, what is 26952 - 5?
2694b
In base 13, what is 2 + -329ac?
-329aa
In base 9, what is 4 - -5156?
5161
In base 5, what is 2104041 + 1?
2104042
In base 13, what is 5 - 9717?
-9712
In base 16, what is -cf - 197?
-266
In base 16, what is 6042 - 0?
6042
In base 8, what is 13201 + 14?
13215
In base 4, what is -122011 + -3013?
-131030
In base 11, what is -a + 978?
969
In base 9, what is 370006 + -1?
370005
In base 16, what is -5 + 208?
203
In base 16, what is 4652 - 3?
464f
In base 8, what is 266 + 1334?
1622
In base 8, what is 25 - 13?
12
In base 16, what is 18c06 - -8?
18c0e
In base 9, what is 4 + -318264?
-318260
In base 4, what is -1022 - -10222?
3200
In base 10, what is 2100000 - 0?
2100000
In base 9, what is 40841 - -5?
40846
In base 15, what is -217 + -111?
-328
In base 12, what is 7 + 3a37a?
3a385
In base 13, what is 11 - -ba24?
ba35
In base 11, what is 10 + 3381?
3391
In base 14, what is 87c1 - -4?
87c5
In base 7, what is -31251 + -11?
-31262
In base 5, what is 3134 - -1311?
10000
In base 13, what is 5aa99 - 5?
5aa94
In base 14, what is -180a2 + -4?
-180a6
In base 16, what is -831 - -242?
-5ef
In base 12, what is -41 - 2342?
-2383
In base 2, what is -111101101111110 - -111100?
-111101101000010
In base 13, what is -26 + 278?
252
In base 3, what is 1112 - -10122020?
10200202
In base 11, what is -282a + 16?
-2814
In base 11, what is -4496 + 11?
-4485
In base 12, what is -4 - -591b?
5917
In base 9, what is -757481 - -5?
-757475
In base 16, what is 1709 - 33?
16d6
In base 4, what is 113 - -23322322?
23323101
In base 6, what is 21 + -31542?
-31521
In base 4, what is 2022330 + 11?
2023001
In base 13, what is -5 + 16222c?
162227
In base 15, what is 1 - -23814?
23815
In base 4, what is 1020203 - -130?
1020333
In base 13, what is -5 + 2791?
2789
In base 3, what is 100212 - -1001200120?
1002001102
In base 6, what is -522 + -1113?
-2035
In base 4, what is 130313 - -1101?
132020
In base 16, what is 3371 + 0?
3371
In base 8, what is 1 + 7550?
7551
In base 6, what is -103 + 2155?
2052
In base 2, what is 1101010110010011 + -1111?
1101010110000100
In base 6, what is 2435 - -23324?
30203
In base 4, what is -2102220 + -11?
-2102231
In base 4, what is 11323032 + 0?
11323032
In base 2, what is -1001010010111 + -10011?
-1001010101010
In base 4, what is -100120 + -212?
-100332
In base 11, what is -74a + 5024?
4385
In base 16, what is 1cb + 25e?
429
In base 4, what is -1100323 + -10?
-1100333
In base 14, what is -b64cb + -11?
-b64dc
In base 13, what is 97 + -113?
-49
In base 2, what is -101 + 101100111101011011?
101100111101010110
In base 7, what is 36 + 45?
114
In base 11, what is -6286 - 2?
-6288
In base 16, what is 9 + -2673?
-266a
In base 3, what is -2122120001 + 2?
-2122112222
In base 15, what is 98ee - -b?
990a
In base 14, what is 6 - 183?
-17b
In base 10, what is 237 - -1488?
1725
In base 4, what is -2010 - 13311?
-21321
In base 14, what is 1 - 6025?
-6024
In base 3, what is -101000000 - -20?
-100222210
In base 11, what is -a + 30488?
30479
In base 14, what is 1004 - 37d?
a65
In base 7, what is 10 - -6416?
6426
In base 13, what is -23 - -491?
46b
In base 6, what is -145 + 155144?
154555
In base 5, what is -10342133 - -10?
-10342123
In base 16, what is -1a - -1444f?
14435
In base 3, what is -22 - -2012210?
2012111
In base 9, what is -4 - -767?
763
In base 10, what is -6 + -37689?
-37695
In base 14, what is 158d1 + 5?
158d6
In base 6, what is 3504515 - 2?
3504513
In base 3, what is -12102011220 + -1?
-12102011221
In base 4, what is -3 - -1330300322?
1330300313
In base 6, what is 2 + -552520?
-552514
In base 7, what is 201361 - 2?
201356
In base 13, what is 89 + 129?
1b5
In base 7, what is 33016 + -21?
32665
In base 9, what is -1 + -40083?
-40084
In base 13, what is -187b - 542?
-20c0
In base 15, what is 1c2 + c99?
e6b
In base 13, what is aa8c - 4?
aa88
In base 5, what is 0 - -33314322?
33314322
In base 2, what is 111110000101010 + 0?
111110000101010
In base 2, what is -10011111001101100 + -101?
-10011111001110001
In base 16, what is -2 - -3601?
35ff
In base 12, what is 2338 - 163?
2195
In base 11, what is 2729 - 17?
2712
In base 7, what is -301 - 16?
-320
In base 7, what is -3412615 - -2?
-3412613
In base 8, what is 236071 - 0?
236071
In base 16, what is -1 + 7200d?
7200c
In base 4, what is -2311301 - 22?
-2311323
In base 9, what is -720 + 1120?
300
In base 16, what is -3 - 4194?
-4197
In base 8, what is 167533 + -7?
167524
In base 14, what is 7b29 - -1?
7b2a
In base 14, what is 3 - 1c1a4?
-1c1a1
In base 11, what is 390 + 3911?
41a1
In base 7, what is 1 - 33330?
-33326
In base 14, what is -d5 + -1db?
-2d2
In base 12, what is 8a + -256?
-188
In base 4, what is 203322223 + -2?
203322221
In base 5, what is -10214 - 142?
-10411
In base 12, what is -7 + -6202?
-6209
In base 7, what is -11 - -1103151?
1103140
In base 7, what is -3643545 - -2?
-3643543
In base 2, what is 100001100000010101110 - -11?
100001100000010110001
In base 16, what is 1f6 + -4f?
1a7
In base 15, what is -b + -16aeb?
-16b07
In base 13, what is 5a486 + -2?
5a484
In base 16, what is -5 + -c16c?
-c171
In base 6, what is 15102 + -543?
14115
In base 13, what is -4076 - -1c?
-4057
In base 2, what is 100011 - -10111001010000?
10111001110011
In base 7, what is -566 + 3220?
2321
In base 3, what is -12121222 + 122?
-12121100
In base 7, what is 3 + 6324152?
6324155
In base 13, what is -194 - -1c9?
35
In base 12, what is 17 - -62a1?
62b8
In base 16, what is b7f - 2?
b7d
In base 11, what is -2812 + 45?
-2778
In base 11, what is -420 + -155?
-575
In base 4, what is 102 - -2303?
3011
In base 2, what is 111010001010011101 - -10?
111010001010011111
In base 7, what is 123644 + 5?
123652
In base 14, what is -1b17 - 38?
-1b51
In base 11, what is 138 + -1a99?
-1961
In base 2, what is 1100 - -100010100?
100100000
In base 3, what is 1020000100 + -1?
1020000022
In base 10, what is 1474298 + -1?
1474297
In base 6, what is 4242 + 533?
5215
In base 12, what is -90 + 340?
270
In base 7, what is 556 + 343?
1232
In base 10, what is 2 - -105475?
105477
In base 9, what is 1 - 1587?
-1586
In base 12, what is -5b - 56?
-b5
In base 16, what is 200b5 + -3?
200b2
In base 3, what is -12211 - -121001?
101020
In base 9, what is -5 + 32682?
32676
In base 8, what is -22 + -274245?
-274267
In base 14, what is 60b + -25?
5c6
In base 3, what is 1 - 100201120?
-100201112
In base 2, what is 1101000100111 - -10000110?
1101010101101
In base 4, what is -1 - -132122?
132121
In base 10, what is 19 + 7855?
7874
In base 3, what is 120200000 - -100?
120200100
In base 11, what is 27a209 + -3?
27a206
In base 15, what is -9a50 - -12?
-9a3d
In base 10, what is -644 + 209?
-435
In base 8, what is 2 + 12313?
12315
In base 15, what is b6c + 8?
b75
In base 5, what is -2 - -10310203?
10310201
In base 4, what is 213101131 + 3?
213101200
In base 9, what is -8 - -713482?
713473
In base 13, what is -1468 + -458?
-18c3
In base 12, what is 4 - -6032b?
60333
In base 2, what is -10 - -100111001010?
100111001000
In base 3, what is 20022222211 + 10?
20022222221
In base 